the highest common factor of 154869886 and 978.
326
Calculate the greatest common divisor of 2740034 and 15742.
926
What is the highest common factor of 1851239502 and 8379?
8379
What is the highest common divisor of 944863 and 4922?
23
Calculate the greatest common divisor of 136 and 2250679096.
136
Calculate the highest common divisor of 4575 and 980575.
1525
Calculate the highest common factor of 17872 and 44832.
16
Calculate the greatest common factor of 1270 and 131672584.
254
What is the highest common factor of 440 and 1133318120?
440
What is the highest common factor of 231920 and 4852640?
1040
What is the highest common factor of 9168165 and 2565?
855
Calculate the highest common divisor of 343 and 922124.
7
What is the greatest common factor of 169320 and 35400?
120
What is the highest common divisor of 1181676780 and 54?
18
Calculate the greatest common divisor of 13 and 111531433.
13
What is the greatest common divisor of 1823 and 1291?
1
Calculate the highest common divisor of 75 and 2410422675.
75
What is the greatest common divisor of 1049016 and 66888?
24
Calculate the greatest common factor of 1153962 and 3834.
18
What is the highest common divisor of 1067 and 6048999?
11
What is the greatest common divisor of 140012232 and 29?
29
What is the highest common factor of 42079 and 6914015?
1451
Calculate the highest common divisor of 12 and 51005844.
12
What is the highest common divisor of 13805 and 102960?
55
What is the greatest common divisor of 12 and 324804?
12
What is the greatest common factor of 6454721 and 5733?
637
What is the greatest common divisor of 1993600 and 44975?
175
Calculate the greatest common divisor of 3065454 and 189.
63
What is the greatest common factor of 602 and 918862?
14
Calculate the greatest common factor of 192713637 and 399.
57
Calculate the highest common factor of 15609032 and 6.
2
What is the greatest common divisor of 38892988 and 1016?
508
What is the greatest common factor of 213865132 and 2392?
1196
Calculate the greatest common factor of 2289 and 223559.
763
Calculate the greatest common divisor of 13320 and 97569.
333
Calculate the greatest common divisor of 671 and 3437885.
11
What is the greatest common divisor of 3301363 and 260?
13
Calculate the greatest common factor of 6040281 and 7137.
2379
Calculate the greatest common factor of 1605240 and 288.
72
What is the greatest common factor of 399195350 and 19785?
6595
Calculate the highest common factor of 136 and 88376.
8
Calculate the highest common factor of 846785 and 814185.
815
What is the greatest common factor of 42459136 and 568?
568
What is the greatest common factor of 5433633 and 603?
603
Calculate the highest common factor of 19624 and 31376323.
2453
Calculate the highest common factor of 1969144 and 4352.
136
Calculate the highest common factor of 8658882 and 12222.
18
Calculate the highest common divisor of 23051 and 5153545.
3293
What is the highest common factor of 6805 and 108?
1
Calculate the highest common factor of 9267504 and 1968.
48
Calculate the highest common divisor of 117565 and 4837.
7
Calculate the highest common factor of 66578120 and 3940.
3940
What is the highest common divisor of 1460 and 149543785?
365
Calculate the greatest common factor of 71289 and 7464519.
801
Calculate the greatest common divisor of 6074720 and 120.
40
Calculate the greatest common divisor of 442 and 3912688.
26
Calculate the highest common factor of 29838357 and 9.
9
What is the highest common factor of 846 and 42369654?
282
What is the greatest common factor of 676660 and 590?
10
What is the greatest common divisor of 26513312 and 185?
37
Calculate the highest common divisor of 87852897 and 6534.
3267
What is the highest common divisor of 153 and 20129355?
9
What is the highest common factor of 6 and 21507?
3
Calculate the greatest common divisor of 267705535 and 737.
67
Calculate the greatest common factor of 8106506 and 1580.
158
What is the greatest common factor of 325 and 780175?
25
What is the highest common divisor of 2250000 and 630?
90
Calculate the highest common factor of 63562337 and 629.
629
What is the highest common factor of 1791537 and 125354?
233
What is the greatest common factor of 81 and 12005532?
9
Calculate the greatest common factor of 223776990 and 1985.
1985
Calculate the greatest common divisor of 27350463 and 1209.
93
What is the highest common divisor of 95331 and 167753?
739
What is the highest common factor of 106546126 and 82?
82
Calculate the greatest common divisor of 997269 and 12467.
91
What is the highest common divisor of 292 and 107166482?
146
Calculate the greatest common divisor of 2301252 and 11544.
444
What is the greatest common divisor of 6165 and 47903283?
1233
Calculate the highest common factor of 805 and 5993890.
35
Calculate the greatest common divisor of 3618983 and 170461.
457
Calculate the greatest common divisor of 6774 and 35868.
6
Calculate the greatest common divisor of 8867250 and 185850.
3150
Calculate the greatest common factor of 142735992 and 13160.
2632
Calculate the greatest common factor of 185087 and 121793.
959
What is the highest common divisor of 165275075 and 1400?
175
What is the highest common divisor of 463920 and 2220?
60
Calculate the greatest common divisor of 2738 and 285636374.
2738
Calculate the highest common divisor of 448828920 and 80.
40
Calculate the highest common factor of 38570 and 2386468.
406
What is the highest common divisor of 12 and 8221716?
12
What is the highest common divisor of 298 and 11447223?
149
Calculate the greatest common factor of 25807 and 121943.
197
Calculate the highest common divisor of 1799960 and 408.
136
Calculate the highest common factor of 2493608 and 156.
52
What is the highest common divisor of 372708 and 593804?
116
What is the highest common divisor of 253 and 1154324?
23
What is the greatest common factor of 21960 and 4587660?
180
What is the highest common divisor of 38581487 and 7?
7
What is the greatest common divisor of 18724 and 776364?
124
Calculate the highest common factor of 31565633 and 33.
11
Calculate the highest common factor of 511872 and 80352.
2976
Calculate the greatest common factor of 3715 and 125273515.
3715
Calculate the highest common factor of 948 and 422475252.
948
What is the greatest common divisor of 4076496 and 36?
36
Calculate the greatest common divisor of 49449617 and 3332.
119
What is the highest common factor of 3341 and 4085471?
13
Calculate the highest common factor of 773997 and 4221.
21
Calculate the greatest common divisor of 132 and 4140780.
12
Calculate the greatest common factor of 734 and 34522222.
734
What is the highest common divisor of 184122 and 4002?
6
What is the greatest common factor of 113 and 73829115?
113
Calculate the highest common factor of 1806 and 26114416.
86
What is the highest common factor of 1934500 and 2482?
146
What is the greatest common divisor of 26175 and 21945?
15
What is the highest common divisor of 354 and 4493292?
6
Calculate the highest common divisor of 1241696620 and 10.
10
What is the highest common divisor of 60968458 and 3614?
278
What is the greatest common factor of 4 and 94218358?
2
What is the greatest common divisor of 162 and 43933050?
54
Calculate the greatest common factor of 10128621 and 10984.
1373
What is the highest common factor of 1162199 and 4331?
71
Calculate the greatest common factor of 25546819 and 699.
233
Calculate the highest common divisor of 6084627 and 453629.
3749
What is the greatest common factor of 775 and 714378725?
775
What is the greatest common divisor of 590 and 3265945?
295
What is the greatest common factor of 3614793 and 117?
39
Calculate the highest common factor of 3939 and 483236.
13
What is the highest common divisor of 96 and 36677040?
48
Calculate the greatest common factor of 1877306434 and 7214.
7214
Calculate the highest common divisor of 24154280 and 510.
170
Calculate the highest common divisor of 369491127 and 6.
3
What is the greatest common divisor of 269413360 and 16?
16
Calculate the greatest common divisor of 3825784 and 1241.
73
Calculate the highest common divisor of 148735 and 1962245.
755
What is the highest common divisor of 312045 and 5609?
71
What is the highest co